- 69 - 17. Suppose -21*a - 3*a = -11*a - 1456. What is the remainder when a is divided by s?
20
Suppose -207 - 121 = -3*x - z, -4*x = -z - 435. Calculate the remainder when 2179 is divided by x.
108
Let v(m) = 3*m - 23. Let k be v(17). Suppose -5*d + k = -3*d. Calculate the remainder when d is divided by ((-60)/4)/(-3) + 3.
6
Let v(o) be the second derivative of o**3 + o**2/2 + 113*o. Suppose h = -0*s - 3*s - 11, 2*h = -5*s - 17. Calculate the remainder when v(h) is divided by 7.
4
Let k = -4077 - -4080. Calculate the remainder when 2/(-8) - 53/(-4) is divided by k.
1
Let r = 360 - 332. What is the remainder when 77 is divided by r?
21
Calculate the remainder when 2 + 405 + 3 + 5/1 is divided by 52.
51
Let o(r) be the second derivative of -r**4/12 - 3*r**3/2 - 7*r. Calculate the remainder when 51 is divided by o(-6).
15
Calculate the remainder when ((-33)/22)/(3/(-296)) is divided by 15.
13
Suppose 0 = -4*h - 19 + 359. Suppose -6*f + h = -5*f. Suppose -u + 6*u - f = 0. What is the remainder when u is divided by 9?
8
Let k(p) = p - 1. Let v be k(1). Suppose 11*f - 6*f - 630 = v. Let h = f + -86. What is the remainder when h is divided by 14?
12
Suppose -2*h = h + 108. Let g = -147 - h. Let i = -52 - g. Calculate the remainder when i is divided by 15.
14
Let o be (-2 - -5)*4/((-12)/(-6)). Suppose 154 = 5*t + o*t. What is the remainder when 110 is divided by t?
12
Let h(f) = 46*f + 8. Let o be h(7). Suppose 36*y + o = 41*y. Calculate the remainder when y is divided by 34.
32
What is the remainder when 190 is divided by (-7)/(3 - 88/28)?
43
Let j(k) = -k**2 + 10*k + 4. Let y = 58 - 49. Calculate the remainder when 37 is divided by j(y).
11
Suppose -46*v - 107 + 1625 = 0. What is the remainder when 89 is divided by v?
23
Let v(c) = -c**3 + 5*c**2 + 2*c + 1. Suppose -2*r = -3*d - 23, 5*r + 6*d - 4*d = 10. What is the remainder when v(r) is divided by 7?
4
Let u(z) = -16*z + 86. What is the remainder when u(0) is divided by 44?
42
Let j = 635 + -501. Calculate the remainder when j is divided by 27.
26
Let m(p) be the third derivative of p**4/4 - 5*p**3/2 + p**2. Calculate the remainder when m(7) is divided by ((-2)/(-3))/((-8)/(-180)).
12
Let k be (-9)/(-18) + 10/4. Calculate the remainder when k + 10/4*20 is divided by 28.
25
Let m = -268 - -571. Let f(j) = 15*j + 2. What is the remainder when m is divided by f(1)?
14
Let l = 34 - 21. Calculate the remainder when 6624/192 + 5/2 is divided by l.
11
Let y = -174 + 436. Calculate the remainder when y is divided by 18.
10
Suppose -189*p + 42 = -188*p - 4*r, -5*r = p - 33. What is the remainder when 81 is divided by p?
5
Let j(m) = -2*m**3 + 17*m**2 + 13*m - 6. Let g be j(9). Suppose g = 6*u - 5*u. Calculate the remainder when 87 is divided by u.
27
Suppose -5*i + 9*i = 3*y - 205, 4*i = 2*y - 138. Calculate the remainder when y is divided by 36.
31
Let y(r) = -r + 12. Let j be y(4). Suppose -j*h = -6*h - 136. Calculate the remainder when h is divided by 18.
14
Suppose -22 = -5*y - 2. Suppose 0*d = y*l + 5*d - 364, -l + 108 = -3*d. Calculate the remainder when l is divided by 33.
30
Suppose 39*w - 33*w = 144. Calculate the remainder when 549 is divided by w.
21
Let t = -2181 + 2228. Calculate the remainder when t is divided by 16.
15
Let c = -10 + 16. Suppose 2*m + c*d - 10 = d, -2*m + 5*d = -10. What is the remainder when 1/(-6) - 290/(-12)*1 is divided by m?
4
Let t = -684 - -754. Calculate the remainder when t is divided by 20.
10
Suppose -154 = -2*u - 4*t, -223 = -3*u + 2*t - 4*t. Calculate the remainder when u is divided by 40.
33
Suppose 7*w = -1283 + 3334. Calculate the remainder when w is divided by 74.
71
Calculate the remainder when (-26688)/144*(-3)/4 is divided by 25.
14
Suppose -56 = -3*t - y, -3*t + 8*t + 3*y - 88 = 0. What is the remainder when 76 is divided by t?
16
Let c = 31 - 10. Let x be ((-86)/3)/((-2)/9). Let j = x + -47. Calculate the remainder when j is divided by c.
19
Let d(o) = 14*o + 1. Let p = -21 - -15. Calculate the remainder when 17/((-510)/(-20)) - 500/p is divided by d(2).
26
Let a(v) = 2*v - 6. Let p be a(6). Suppose 320 = 5*o - 5*z, -p*o = -3*o + 3*z - 180. Calculate the remainder when o is divided by 4*(-1 - 100/(-16)).
20
Suppose 3*f + 3*f = 30. Suppose -f*b - 15 = y - 46, 5*b = 4*y - 24. Calculate the remainder when 41 is divided by y.
8
Suppose 5*l - 3*n - 120 = -10, -l + 22 = -2*n. What is the remainder when (-1306)/(-12) - (-2)/12 is divided by l?
21
Suppose -2*q - 3*q - u + 294 = 0, -4*q - 3*u + 233 = 0. Let l = 4108 - 4098. What is the remainder when q is divided by l?
9
Let a be 0/(-2*(-9)/(-6)). Calculate the remainder when 26 is divided by a - -12 - (-12 + 10).
12
Suppose -647 = -3*d - 4*c, 3*d + 2*c = -2*d + 1097. What is the remainder when d is divided by 75?
71
Let j = 12 - 17. Let x = -2 - j. Suppose 0 = 5*s - 4*k - 41, 3*k = -3*s + 4*k + 19. What is the remainder when s is divided by x?
2
Let q(u) be the second derivative of u**4/12 - u**3/3 - 5*u**2/2 - 2*u. Let y be q(4). Suppose 100 = 2*o + y*o. What is the remainder when o is divided by 12?
8
Suppose 3*p - 334 = -f, f + p = -0*p + 324. What is the remainder when f is divided by 19?
15
Let l = -7 - -63. Let m be l/10 + (-6)/(-15). What is the remainder when (-388)/(-36) + m/27 is divided by 7?
4
Let d = -96 + 114. Suppose -n = -3*n + 8. Calculate the remainder when d is divided by n.
2
Suppose -2*a = 5*z - 51, -43 = a - 3*a + 3*z. Let d be 546/14*(-2)/(-6). Suppose d*y = 8*y + 30. What is the remainder when a is divided by y?
5
Let m = -5 + 4. Calculate the remainder when (-3 - m)/(1/(-24)) is divided by (-1 - 0)*119/(-7).
14
Suppose -918 = -3*h - 315. Suppose 3*y - 6*y = -h. Suppose 74 = 5*u - p - 16, 5*p = -2*u + 9. Calculate the remainder when y is divided by u.
16
Suppose 46 = 9*g - 8*g - 2*a, 0 = 2*g + 4*a - 60. Calculate the remainder when g is divided by 12.
2
Let v = -18 + 21. Calculate the remainder when (276/(-4) + v)*(-2)/6 is divided by 5.
2
Suppose t - 10 = -1. Calculate the remainder when (-16)/(-20) + (-1 - 243/(-15)) is divided by t.
7
Suppose -4 = -13*c + 14*c. Let h(g) = -4*g + 4. What is the remainder when 77 is divided by h(c)?
17
Suppose -2*g = -6*g + 192. What is the remainder when g is divided by (-18)/(-108) - 149/(-6)?
23
Let y = 25 - 21. Suppose y*n = 3*n + 15. What is the remainder when 43 is divided by n?
13
Calculate the remainder when 55 is divided by ((-6)/8)/(10/(-680)).
4
What is the remainder when ((-17)/(-2) - 10) + 453/2 is divided by 21?
15
Let o(v) = 0*v - 10 - 10*v + 20*v. What is the remainder when 114 is divided by o(4)?
24
Suppose -177 = -11*b - 1. Let v(m) = -16*m. Calculate the remainder when v(-1) is divided by b.
0
Let p = -35 + 87. Suppose -4*f + p - 12 = 0. Calculate the remainder when 26 is divided by f.
6
Let m(v) = -47*v - 1. Suppose g - 44 + 19 = 2*u, 0 = -2*g + 2*u + 46. Calculate the remainder when m(-2) is divided by g.
9
Suppose l - 123 = f, 2*l + 506 = 6*l + 3*f. What is the remainder when l is divided by 37?
14
Suppose w = -2*w + 69. Let o = -224 + 292. What is the remainder when o is divided by w?
22
Suppose 11*l = 17*l - 90. Let a(c) = c**2 - c + 2. Let g be a(2). Suppose g*i - 151 = -47. What is the remainder when i is divided by l?
11
Let g(r) = r**2 + 4*r - 3*r - 9 + 6*r + 0. What is the remainder when g(-10) is divided by 13?
8
What is the remainder when 209 - -1*(4*-4)/4 is divided by 23?
21
Let w(p) = 2*p**2 - 5*p + 4. Suppose 2 = v, -3*q + 3*v = 52 - 85. Calculate the remainder when q is divided by w(3).
6
Suppose -s - 2*q = -15, 5*s + q = 4*s + 19. Calculate the remainder when 47 + -8 + 25/5 is divided by s.
21
Let a(o) = 7*o**2 + 18*o + 17. Calculate the remainder when 44 is divided by a(-1).
2
Suppose -2*l - 28 = -3*g - 0*l, 5*g - 2*l - 52 = 0. What is the remainder when (6/4)/(1/34) is divided by 39*(g/9 - 1)?
12
Let l(w) = w + 2*w**3 + 23 - w**3 - 7. Suppose -o + m = -68, 5*m = 3*o + 9*m - 169. Calculate the remainder when o is divided by l(0).
15
Suppose -21 = -3*m - 3*d, 5*m + d = 7*m - 20. What is the remainder when 365 is divided by m?
5
Suppose -3*c - 5*u - 234 = 0, 6*c + 3*u + 406 = c. Let h = -66 - -12. Let x = h - c. Calculate the remainder when x is divided by 10.
9
Calculate the remainder when 417 is divided by (214